3*f**3 + 14 + 8*f**2 - 2*f - 3 + 4*f**3. List the prime factors of j(g).
3
Let i(u) = 27*u**2 - 11*u + 75. What are the prime factors of i(11)?
3221
Suppose 0 = -13*m + 4145 - 232. What are the prime factors of m?
7, 43
Let i = -7 + 11. Suppose -5*s + 143 = i*c - 35, -3*c + 2*s = -122. Suppose 2*x = 3*z + 28, c = x + x + 4*z. List the prime factors of x.
17
Let p(n) be the second derivative of n**3 + 33*n**2/2 - 9*n. What are the prime factors of p(16)?
3, 43
Let f(n) = -n**2 - 50*n - 279. What are the prime factors of f(-34)?
5, 53
Let f be ((-12*3)/3)/(-1). Suppose -5*g + 50 = -4*t, -2*t - 16 = -3*g + f. Suppose -66 = 3*i - g*i. List the prime factors of i.
2, 11
Let n be -9*5/(15/4). Let p = n - -12. Suppose p = -3*d + 54 + 99. What are the prime factors of d?
3, 17
Let g be 4/(-2 + (-25)/(-12)). Let v = 54 - 50. List the prime factors of (-1 + v)*160/g.
2, 5
Let k = 97 - 75. List the prime factors of (-4)/k + 1773/11.
7, 23
Suppose -8*k = -967 - 1017. Suppose 43 = 3*h - k. What are the prime factors of h?
97
Let h(c) = 4*c - 7. Let y be h(3). Let n(r) = -r**3 + 5*r**2 + 9*r - 4. List the prime factors of n(y).
41
Let x(z) = -z - 1. Let a be x(5). Let q = -3 - a. Suppose -q*k + 2*n + 8 = 0, 5*k + n - 5*n - 12 = 0. List the prime factors of k.
2
Suppose 539 = -6*t - 181. Let s be 2/(-4) - t/16. What are the prime factors of (1 + s)*(-2 + 3)?
2
Let q(m) = -5*m**2 + m + 1. Let d be q(-3). Suppose f + 2*f - 204 = 0. Let b = f + d. What are the prime factors of b?
3, 7
Suppose -4*y = -0*m - 5*m - 498, -494 = -4*y + 3*m. Let q = y + -71. List the prime factors of q.
3, 17
Suppose -3*x + 6650 = 7*x. What are the prime factors of x?
5, 7, 19
Let t = -11 - -18. Let i = 2 - t. What are the prime factors of 7 - i - 6/(-2)?
3, 5
Let y = -4 - -4. Let w = y + 2. Let p = w + 1. List the prime factors of p.
3
Let f be 131/(3 - 2/1). Suppose -7*l + 366 = -f. List the prime factors of l.
71
Let m = -23 + 40. Let q = m - 3. What are the prime factors of q?
2, 7
Let q be (1/(-2))/((-3)/(-12)). What are the prime factors of 153 + 3/(2 - -1)*q?
151
Let r(h) = h + 20. Suppose -4*z = -3*z + 16. Let l be r(z). Suppose 7*u = l*j + 4*u - 159, j = -4*u + 54. What are the prime factors of j?
2, 3, 7
Suppose 0 = -n - 4*n + 15. Let k be (n + -4)/((-1)/27). Let q = 1 + k. List the prime factors of q.
2, 7
Let b = 2700 + -1498. List the prime factors of b.
2, 601
Suppose 6*k = 5*k + 402. List the prime factors of k.
2, 3, 67
List the prime factors of 1440/3 - (62 - 62).
2, 3, 5
Suppose -3*m + 6*m = -4*s + 15982, 11976 = 3*s - 3*m. Suppose 4*k - 2*v + s = -0*v, 4*v = -2*k - 2012. What are the prime factors of (-4)/(-6) - k/30?
2, 17
Let i = -8 - -11. Suppose i*c = 5*u + 285, -324 + 134 = -2*c - 2*u. What are the prime factors of c?
5, 19
Let c(u) be the second derivative of u**5/20 + 5*u**4/4 - 7*u**3/2 + 7*u**2 - 11*u. List the prime factors of c(-16).
2, 47
Suppose 4*s + 2*i = 366, -20*s - 153 = -22*s + 5*i. What are the prime factors of s?
89
Suppose -3*y - 456 + 3541 = 5*q, -y + 1033 = 4*q. List the prime factors of y.
5, 41
Let r(p) be the third derivative of p**5/120 + p**4/6 + 2*p**3/3 + p**2. Let w(u) be the first derivative of r(u). What are the prime factors of w(4)?
2
Let f = 35 - 42. List the prime factors of -186*(3 - (-5)/(10/f)).
3, 31
Let n(j) = j**3 - 4*j**2 - j + 3. Let k be n(2). Let r(p) = -8*p + 24. What are the prime factors of r(k)?
2, 5
Suppose -5*f - 10730 = -5*l, -8*f - 2138 = -l - 11*f. List the prime factors of l.
2, 67
Let y be (60/18)/((-1)/(-1188)). Suppose -19*w + 4*w + y = 0. List the prime factors of w.
2, 3, 11
Let q(f) = -2*f + 24. Let g be q(10). Let u(s) = 10*s + 0*s + g + 9*s. What are the prime factors of u(2)?
2, 3, 7
What are the prime factors of (825/(-20))/(27/(-72))?
2, 5, 11
Let m(r) = -3*r - 10. Let h(c) = -c. Let j(a) = -4*h(a) + m(a). Let s be j(14). Let d = s + -2. List the prime factors of d.
2
Let o(k) = k**3 + 10*k**2 - k - 8. Let t be o(-10). Suppose 2*y - 52 = -3*s, -3*y + 90 = -t*s + 38. Suppose m + 6 = y. List the prime factors of m.
2, 7
Let h(l) = l - 6. Let i be h(5). List the prime factors of 6 - 2/(4/(-4)*i).
2
List the prime factors of ((-6)/((-48)/472))/((-3)/(-270)).
2, 3, 5, 59
Suppose 4*g = r + 1, 5*g + 5*r = -0*g + 20. Let z = 2 + g. Suppose -3*d - 33 = -z*k, -k - 3*k - d + 24 = 0. List the prime factors of k.
7
Let b(s) = s**2 - 2*s - 1. Let r be b(3). Suppose r*x + 65 = 245. What are the prime factors of x?
2, 3, 5
Suppose -92 = -3*k + 16. Let h be (k/(-12))/((-6)/4). Suppose -5*w = c - 113, h*c - 109 = -5*w - c. What are the prime factors of w?
23
Let y be 22*4/8*-19. Let a = -118 - y. What are the prime factors of a?
7, 13
Suppose 24 = 19*g - 13*g. Let l = 2 + 0. Suppose l = -v, 0*v - 60 = -g*t - 4*v. List the prime factors of t.
17
Let p = -8 - -8. Suppose p*w - 3*w + 333 = 0. Suppose -4*c + 77 = -w. What are the prime factors of c?
47
Let p = 85 + -64. Let g(o) = 9*o + 7. List the prime factors of g(p).
2, 7
Suppose 5*i - 5*o - 147 - 148 = 0, -o + 121 = 2*i. Suppose 18 = 5*m + 2*q, 0 = 4*m - 3*q - q + 8. Let v = m + i. What are the prime factors of v?
2, 31
Suppose -3*n - 2*n + 420 = 5*r, -3*r - 4*n = -248. Suppose -3*j + 1 + 5 = 0. Suppose -3*k + 4*w = -r, 2*k - j*w + 28 = 88. List the prime factors of k.
2
Suppose 7*s - 3*s = 36. Let o(h) = -h**2 + 8*h + 13. Let q be o(s). Suppose -a + 20 = -2*d - 16, -q*a = 3*d - 166. List the prime factors of a.
2, 5
Let r be (-2550)/(-11) - (-2)/11. Suppose -26 = 2*p - r. What are the prime factors of p?
103
What are the prime factors of (-5 + 5 - (1 + -4)) + 265?
2, 67
Let w = -9 + 6. Let m be -2*(-2 + (w - -3)). Suppose m*n = 2*n + 36. List the prime factors of n.
2, 3
List the prime factors of (9339/44)/(12/32).
2, 283
Suppose 4*k + 686 = -3*l, k + 0*k + 449 = -2*l. Let n be l/(-42) + 4/(-14). Suppose -16 = -q - 5*w, 169 = n*q - 3*w - 23. List the prime factors of q.
2, 3
Let u be (0 - 0)/(4/(-2)). Let q(g) = g**3 + g + 26. List the prime factors of q(u).
2, 13
Let z(c) = 120*c - 81. What are the prime factors of z(10)?
3, 373
Suppose 0 = -7*n + 5*n - 30. Let t(v) = v**3 + 15*v**2 + 2*v + 15. Let y be t(n). List the prime factors of y/(-10)*104/6.
2, 13
Let i be (4/3)/(8/12). Let l = -16 + 20. Suppose -4*v = -7*v + l*c + 26, -36 = -i*v - 2*c. List the prime factors of v.
2, 7
Let u(t) = t**3 - 9*t**2 + 9*t - 3. Let d be u(8). Let m = -7 - -7. Suppose 26 = v - d*f, -3*v + 10 = -m*v + 2*f. What are the prime factors of v?
2, 3
Let n(p) = 5*p**2 + 31*p + 96. What are the prime factors of n(-29)?
2, 3, 7
Let z(s) = 12 + 8*s - 5*s - 5*s + 1. Let k = 6 + -12. What are the prime factors of z(k)?
5
Suppose 9 = -4*m + 7*m. Let n(o) = 2*o + 3. What are the prime factors of n(m)?
3
Let k = -95 - -632. What are the prime factors of k?
3, 179
Let j(z) = 2*z**2 + z. Let r be j(-1). Suppose -r = 2*x + 2*y - y, 1 = 3*x + y. List the prime factors of (-13 - -11)*(-2)/x.
2
Let g = -43 - -45. Suppose -x = 5*t - 0 - 41, -g*t + 136 = 3*x. List the prime factors of x.
2, 23
Let t = 639 - -93. List the prime factors of t.
2, 3, 61
Let k = -4 + -10. What are the prime factors of 3 + 2 + -2 + (-1624)/k?
7, 17
Suppose 0 = 5*p + 2*i + 8 + 12, -4*p + 4*i = 16. List the prime factors of (0 - p)/((-10)/(-65)).
2, 13
Suppose 0 = -11*r + 3*r + 1640. List the prime factors of r.
5, 41
Let u be 16/(-40) + (-294)/(-10). Let p = u + -8. Suppose 6*g - 5*g + 2*o = 14, o = 3*g - p. What are the prime factors of g?
2
Let s be 3/2*290/(-15). Let y = s - -32. List the prime factors of y.
3
Let o(x) = x + 5. Let h be o(3). Suppose h*f = 6*f + 364. List the prime factors of f.
2, 7, 13
Suppose 0 = -66*n + 98050 + 84176. List the prime factors of n.
11, 251
Suppose -b = a - 809 - 1093, -2 = b. List the prime factors of a.
2, 7, 17
Let u(c) = 6*c**2 + 3*c + 1. Let p be u(-4). Suppose -2*r + 49 = -p. What are the prime factors of r?
67
Let o be (3 - 0) + -5 + 10/2. Suppose o*p - 3*y - 195 = -15, 0 = 4*y - 16. What are the prime factors of p?
2
Suppose 0 = 2*i - 5*x + 212, 6*i - i = x - 553. Let s = -66 - i. Suppose -s = -10*j + 7*j. What are the prime factors of j?
3, 5
Let x be 0/((-6)/(-2) - 1). Suppose 8 = -x*u + 2*u. What are the prime factors of u?
2
Suppose -4*p - 4*o + 716 = 0, -3*p + 542 = 5*o